0 - -3?
30e3
In base 7, what is 33 - 136326?
-136263
In base 11, what is -194391 - -5?
-194387
In base 14, what is ba - -d7?
1b3
In base 7, what is -4604 + -6?
-4613
In base 13, what is 0 - -c1b5?
c1b5
In base 2, what is -110011 + 10101101?
1111010
In base 14, what is c19 - 10?
c09
In base 8, what is -52702 - 3?
-52705
In base 15, what is 25258 + 4?
2525c
In base 7, what is 51565 + -160?
51405
In base 8, what is 2 + 3373?
3375
In base 16, what is -4 - 1098?
-109c
In base 9, what is 187615 + 1?
187616
In base 12, what is -b4b26 + -13?
-b4b39
In base 13, what is -3c11 + 1?
-3c10
In base 9, what is 1001628 + 3?
1001632
In base 9, what is 238672 - 1?
238671
In base 15, what is -32136 - -4?
-32132
In base 14, what is 68 + 69?
d3
In base 10, what is -9 + 2126?
2117
In base 9, what is -5 + -25484?
-25500
In base 4, what is 10 + -131301301?
-131301231
In base 12, what is 3 + -b06?
-b03
In base 13, what is 800a6 - -1?
800a7
In base 3, what is 12 - 102002111021?
-102002111002
In base 16, what is 1 + -3103?
-3102
In base 6, what is -12 - 2140451?
-2140503
In base 2, what is 101 + 10100000010110?
10100000011011
In base 7, what is -1153335 + 4?
-1153331
In base 6, what is -2 + 10002?
10000
In base 10, what is 3 + -5525?
-5522
In base 10, what is -51 - -86?
35
In base 15, what is -106e - -1?
-106d
In base 5, what is -22 - -14301?
14224
In base 16, what is -d - -31e?
311
In base 2, what is -10100000100000011001 + 11?
-10100000100000010110
In base 3, what is 2000201202 - -11?
2000201220
In base 6, what is -1243554 - 0?
-1243554
In base 10, what is -1438 - 17?
-1455
In base 9, what is 4 - 463878?
-463874
In base 3, what is 2001211 + 10110002?
12111220
In base 7, what is -104052 + 11?
-104041
In base 7, what is 3 - -421160?
421163
In base 6, what is -45014 - 1144?
-50202
In base 3, what is -101002221210010 - 10?
-101002221210020
In base 16, what is 1 + 3eb3?
3eb4
In base 5, what is 21 - -20121104?
20121130
In base 14, what is 213 - -18?
22b
In base 13, what is a48b - 3?
a488
In base 12, what is 17 - -ba?
115
In base 8, what is 73 - -3430?
3523
In base 15, what is -1d - a9a?
-ab8
In base 10, what is -56 - -911?
855
In base 5, what is 3 + 23114400?
23114403
In base 7, what is 3 - -144313?
144316
In base 11, what is 16 + 164949?
164964
In base 16, what is -3 + -48b44?
-48b47
In base 4, what is 301102211 - -2?
301102213
In base 4, what is -2122 + 22230?
20102
In base 7, what is -3 - -324101?
324065
In base 10, what is 4 - 8012?
-8008
In base 10, what is -45 - -44?
-1
In base 3, what is -110 - -2211121?
2211011
In base 13, what is 8cc1 - -b?
8ccc
In base 3, what is 1021 + -1101120112?
-1101112021
In base 12, what is 12a + 186?
2b4
In base 12, what is 90 - -105?
195
In base 7, what is -4336 + 16?
-4320
In base 3, what is -20 + 20012211?
20012121
In base 13, what is -2 + -15874?
-15876
In base 5, what is 13003144114 + 10?
13003144124
In base 3, what is 20000000020 + 12?
20000000102
In base 15, what is -dc6 - 78b?
-1662
In base 5, what is 10332 + -1214?
4113
In base 8, what is -167 + 716?
527
In base 10, what is 4 - -643680?
643684
In base 4, what is 13 - -1103313321?
1103320000
In base 10, what is 34578 - -5?
34583
In base 15, what is -2 - 178283?
-178285
In base 9, what is 1 + 2035424?
2035425
In base 5, what is -2 - 2302140?
-2302142
In base 8, what is 13 + -1530?
-1515
In base 9, what is 7327 - 8?
7318
In base 8, what is -5 - 1621020?
-1621025
In base 3, what is 1021101 - 12210?
1001121
In base 4, what is -10231 - -21200?
10303
In base 15, what is ec - -c9?
1c6
In base 8, what is 5 - -31574?
31601
In base 9, what is -13884 + 24?
-13860
In base 4, what is 11000322 + 20?
11001002
In base 14, what is 101 - -26cd?
27d0
In base 12, what is -5 - -96945?
96940
In base 16, what is 4 - -2ee?
2f2
In base 12, what is 9169 + 7?
9174
In base 9, what is -13710 + -8?
-13718
In base 11, what is -69 + 930?
872
In base 3, what is -20001210 + 1212011?
-11012122
In base 8, what is 30 - 51674?
-51644
In base 3, what is -1 - -12202200?
12202122
In base 2, what is 10110 - 100100010010?
-100011111100
In base 2, what is 1001001111000 - 100?
1001001110100
In base 14, what is 6 + -4260?
-4258
In base 2, what is -1000011000011011110 + 100?
-1000011000011011010
In base 6, what is -43 + 3323331?
3323244
In base 15, what is 957e - -1?
9580
In base 12, what is b + -18b6?
-18a7
In base 6, what is 1224553 + 22?
1225015
In base 6, what is 2 - 1003153?
-1003151
In base 16, what is -61 - 27?
-88
In base 7, what is 150 - 1250?
-1100
In base 11, what is -306 + -136?
-441
In base 8, what is 631114 - -5?
631121
In base 15, what is -5 + -6d64?
-6d69
In base 8, what is -242 - 21?
-263
In base 11, what is -50 + 1322?
1282
In base 16, what is -b18 - -44?
-ad4
In base 5, what is -133 + 32443?
32310
In base 3, what is -102120 - 12?
-102202
In base 3, what is -122102021 + -1012?
-122110110
In base 15, what is -4 + 6885?
6881
In base 8, what is 235 - 4362?
-4125
In base 16, what is a2 + 20f0?
2192
In base 9, what is 7 + 6013?
6021
In base 7, what is -120335 + -14?
-120352
In base 7, what is -5 - 11212?
-11220
In base 9, what is 211 + 615?
826
In base 10, what is 1326 + -28?
1298
In base 14, what is 1 + -2ba3?
-2ba2
In base 4, what is -10022030 - 21?
-10022111
In base 8, what is 21166 - 215?
20751
In base 4, what is -1213001 - -11?
-1212330
In base 10, what is 305 + 372?
677
In base 8, what is 76276 + -42?
76234
In base 6, what is 1155 - -244152?
245351
In base 16, what is -9a + 1537?
149d
In base 16, what is -66 - -17e6?
1780
In base 12, what is 14a - 7a?
90
In base 13, what is -4b - 11b5?
-1233
In base 6, what is -41455 - -114?
-41341
In base 3, what is 201 + 112201?
120102
In base 2, what is 1111111011 + 110010?
10000101101
In base 13, what is -1c + 7864?
7845
In base 4, what is -2121 - -3022113?
3013332
In base 12, what is 209 - -50b?
718
In base 15, what is -281 - 74d?
-9ce
In base 6, what is -34232445 - 3?
-34232452
In base 4, what is -111 + -21202?
-21313
In base 9, what is -234 - -215?
-18
In base 5, what is 1200103 - -13?
1200121
In base 5, what is -113440 + 330?
-113110
In base 16, what is -4a0 - -d9?
-3c7
In base 9, what is -1803 + 5?
-1787
In base 7, what is -35122123 - 3?
-35122126
In base 3, what is -100211 - -1021000?
220012
In base 3, what is -110 - -22101011022?
22101010212
In base 7, what is -2 - 201615?
-201620
In base 8, what is -100 - -21622?
21522
In base 14, what is a06 + -d6?
910
In base 4, what is -200330032 - -32?
-200330000
In base 16, what is -66 + 61?
-5
In base 11, what is 217 - 159?
69
In base 16, what is 3 + 42294?
42297
In base 11, what is -15644 - 53?
-15697
In base 8, what is -4 + 6730?
6724
In base 9, what is -1 - -138014?
138013
In base 14, what is 2ca09 + -3?
2ca06
In base 3, what is -202001210102222 - -11?
-202001210102211
In base 11, what is 149 - 12130?
-11a92
In base 13, what is -4 - -9332?
932b
In base 14, what is -1 - -b535?
b534
In base 14, what is 3 - -3b?
40
In base 4, what is -302 + 13223303?
13223001
In base 6, what is -33415313 + 4?
-33415305
In base 15, what is -61d044 - 4?
-61d048
In base 8, what is 64354 - -177?
64553
In base 4, what is 320 + 133013?
133333
In base 14, what is -2c34 + -1?
-2c35
In base 9, what is -140 - 14514?
-14654
In base 11, what is -510 - 157?
-667
In base 9, what is -2073 + -166?
-2250
In base 3, what is 2 + 12221110202?
12221110211
In base 10, what is -7048 - 11?
-7059
In base 8, what is -6364524 - 2?
-6364526
In base 14, what is 791d3a + -2?
791d38
In base 15, what is -34 - 101?
-135
In base 2, what is 101011001111 - 100100010?
100110101101
In base 12, what is -a - 904?
-912
In base 9, what is -2364 - 5?
-2370
In base 14, what is 4c80 + 3?
4c83
In base 15, what is -3e81b - 5?
-3e821
In base 11, what is 0 - -a93a?
a93a
In base 4, what is 31220011 + 10?
31220021
In base 8, what is 6 + -136?
-130
In base 3, what is -1200111 - 112102?
-2012220
In base 2, what is -11011000 + -10?
-11011010
In base 7, what is -6 - -1102645?
1102636
In base 16, what is -3 - -4341?
433e
In base 7, what is 331324 - 155?
331136
In base 2, what is -11 - -100100010000010?
100100001111111
In base 6, what is -1142205 + -3?
-1142212
In base 16, what is a + 774?
77e
In base 3, what is 100211 + 100102?
201020
In base 11, what is 600 - -45a?
a5a
In base 8, what is -5